{"id":300,"date":"2024-11-21T08:52:22","date_gmt":"2024-11-21T08:52:22","guid":{"rendered":"https:\/\/picoronsdelageometri.live-website.com\/?page_id=300"},"modified":"2025-02-18T08:31:30","modified_gmt":"2025-02-18T08:31:30","slug":"geometrie-projective","status":"publish","type":"page","link":"https:\/\/picoronsdelageometrie.fr\/?page_id=300","title":{"rendered":"G\u00e9om\u00e9trie projective"},"content":{"rendered":"\n<div class=\"wp-block-columns is-layout-flex wp-container-core-columns-is-layout-1 wp-block-columns-is-layout-flex\">\n<div class=\"wp-block-column is-layout-flow wp-block-column-is-layout-flow\">\n<p class=\"has-link-color wp-elements-9c6e534eb63e5e109a9fb9aff6478660\"><a href=\"https:\/\/drive.google.com\/file\/d\/1JHz9fm2lwwHA2f6WeCyREqTlARGssjSY\/view?usp=drive_link\" target=\"_blank\" rel=\"noreferrer noopener\">Construction classique \u00e0 partir des espaces vectoriels<\/a><\/p>\n\n\n\n<p class=\"has-link-color wp-elements-d3a7d0046bc06aa39289ebbc38c3033a\"><a href=\"https:\/\/drive.google.com\/file\/d\/1N4l0u69yaIjOJ38NiVHoWwdFqcRpC8Ys\/view?usp=drive_link\" target=\"_blank\" rel=\"noreferrer noopener\">Birapport<\/a><\/p>\n\n\n\n<p class=\"has-link-color wp-elements-4c4b81f75c3dbb5883789d2c9e069ce9\"><a href=\"https:\/\/drive.google.com\/file\/d\/1bujiqeCewROUR919acjjVmdmvzYL3i08\/view?usp=drive_link\" target=\"_blank\" rel=\"noreferrer noopener\">Utilisation des d\u00e9terminants<\/a><\/p>\n\n\n\n<p class=\"has-link-color wp-elements-beee379c8dec9595854f27dd8b0bdd4c\"><a href=\"https:\/\/drive.google.com\/file\/d\/1sYPY4mcAHlFwQ5rug79mQdSegc6OaTX1\/view?usp=drive_link\" target=\"_blank\" rel=\"noreferrer noopener\">Les homographies<\/a><\/p>\n\n\n\n<p class=\"has-link-color wp-elements-28806d1f91112a6b194884c74b57cde7\"><a href=\"https:\/\/drive.google.com\/file\/d\/1uIU_xQHAV2oCRbEuP0kgrg1MQM6dPOCo\/view?usp=drive_link\" target=\"_blank\" rel=\"noreferrer noopener\">Les coniques<\/a><\/p>\n\n\n\n<p class=\"has-link-color wp-elements-72e96521ef725e508e7506a5bfd36162\"><a href=\"https:\/\/drive.google.com\/file\/d\/1W1ILZpfv7qCsuzNjDiLKHpn2GzKu0XpU\/view?usp=drive_link\" target=\"_blank\" rel=\"noreferrer noopener\">Diam\u00e8tres conjugu\u00e9s<\/a><\/p>\n\n\n\n<p class=\"has-link-color wp-elements-297009f844e7078a80eec4a896679640\"><a href=\"https:\/\/drive.google.com\/file\/d\/1OAfT7uQkZoqwsiDTm431LG6GSCGLTT60\/view?usp=drive_link\" target=\"_blank\" rel=\"noreferrer noopener\">Polarit\u00e9 par rapport aux coniques<\/a><\/p>\n\n\n\n<p class=\"has-link-color wp-elements-34b3b8d5ea8403e2848560392f983993\"><a href=\"https:\/\/drive.google.com\/file\/d\/1d6xeWDyg3WqershIuWrxMAO821wxXjXe\/view?usp=drive_link\" target=\"_blank\" rel=\"noreferrer noopener\">Faisceau de coniques<\/a><\/p>\n\n\n\n<p><\/p>\n<\/div>\n<\/div>\n\n\n\n<p><\/p>\n","protected":false},"excerpt":{"rendered":"<p>Construction classique \u00e0 partir des espaces vectoriels Birapport Utilisation des d\u00e9terminants Les homographies Les coniques Diam\u00e8tres conjugu\u00e9s Polarit\u00e9 par rapport aux coniques Faisceau de coniques<\/p>\n","protected":false},"author":1,"featured_media":0,"parent":0,"menu_order":0,"comment_status":"closed","ping_status":"closed","template":"","meta":{"footnotes":""},"class_list":["post-300","page","type-page","status-publish","hentry"],"_links":{"self":[{"href":"https:\/\/picoronsdelageometrie.fr\/index.php?rest_route=\/wp\/v2\/pages\/300","targetHints":{"allow":["GET"]}}],"collection":[{"href":"https:\/\/picoronsdelageometrie.fr\/index.php?rest_route=\/wp\/v2\/pages"}],"about":[{"href":"https:\/\/picoronsdelageometrie.fr\/index.php?rest_route=\/wp\/v2\/types\/page"}],"author":[{"embeddable":true,"href":"https:\/\/picoronsdelageometrie.fr\/index.php?rest_route=\/wp\/v2\/users\/1"}],"replies":[{"embeddable":true,"href":"https:\/\/picoronsdelageometrie.fr\/index.php?rest_route=%2Fwp%2Fv2%2Fcomments&post=300"}],"version-history":[{"count":4,"href":"https:\/\/picoronsdelageometrie.fr\/index.php?rest_route=\/wp\/v2\/pages\/300\/revisions"}],"predecessor-version":[{"id":388,"href":"https:\/\/picoronsdelageometrie.fr\/index.php?rest_route=\/wp\/v2\/pages\/300\/revisions\/388"}],"wp:attachment":[{"href":"https:\/\/picoronsdelageometrie.fr\/index.php?rest_route=%2Fwp%2Fv2%2Fmedia&parent=300"}],"curies":[{"name":"wp","href":"https:\/\/api.w.org\/{rel}","templated":true}]}}