{"id":202,"date":"2024-11-20T09:44:42","date_gmt":"2024-11-20T09:44:42","guid":{"rendered":"https:\/\/picoronsdelageometri.live-website.com\/?page_id=202"},"modified":"2024-11-21T15:38:29","modified_gmt":"2024-11-21T15:38:29","slug":"ouvrages-et-sites-consultes","status":"publish","type":"page","link":"https:\/\/picoronsdelageometrie.fr\/?page_id=202","title":{"rendered":"Ouvrages et sites consult\u00e9s"},"content":{"rendered":"\n<div class=\"wp-block-columns is-layout-flex wp-container-core-columns-is-layout-1 wp-block-columns-is-layout-flex\">\n<div class=\"wp-block-column is-layout-flow wp-block-column-is-layout-flow\" style=\"flex-basis:900px\">\n<p>G.CAGNAC L.THIBERGE&nbsp; Classes Terminales C et T&nbsp; programmes 8 juin 1966 MASSON<\/p>\n\n\n\n<p>G.GIRARD&nbsp; A.LENTIN Cours MAILLARD Math\u00e9matiques \u00e9l\u00e9mentaires G\u00e9om\u00e9trie M\u00e9canique programme 6 mars 1962 HACHETTE<\/p>\n\n\n\n<p>C. LEBOSSE C.HEMERY G\u00e9om\u00e9trie et g\u00e9om\u00e9trie analytique Terminale C&nbsp; programme 1966 NATHAN<\/p>\n\n\n\n<p>V.LESPINARD &nbsp; R.PERNET G\u00e9om\u00e9trie Terminale C programme 1966 DESVIGNE<\/p>\n\n\n\n<p>H.COMMISSAIRE&nbsp; G.CAGNAC Cours de math\u00e9matiques sp\u00e9ciales T.III 1948 MASSON<\/p>\n\n\n\n<p>G.CAGNAc E.RAMIS. J.COMMEAU Nouveau cours de math\u00e9matiques sp\u00e9ciales G\u00e9om\u00e9trie T.III programme 21 janvier 1963 MASSON<\/p>\n<\/div>\n<\/div>\n\n\n\n<hr class=\"wp-block-separator has-alpha-channel-opacity is-style-wide\"\/>\n\n\n\n<p>R.DELTHEIL &amp; D.CAIRE G\u00e9om\u00e9trie et compl\u00e9ments Jacques GABAY 1989<\/p>\n\n\n\n<p>Trajan LALESCO La g\u00e9om\u00e9trie du triangle Jacques GABAY 1987<\/p>\n\n\n\n<p>C.TISSERON G\u00e9om\u00e9tries affine, projective et euclidienne HERMANN 1988<\/p>\n\n\n\n<p>Yvonne et Ren\u00e9 SORTAIS La g\u00e9om\u00e9trie du triangle exercice r\u00e9solus&nbsp; HERMANN 1987<\/p>\n\n\n\n<p>Daniel LEHMANN Rudolphe BKOUCHE Initiation \u00e0 la g\u00e9om\u00e9trie PUF<\/p>\n\n\n\n<p>M.COLLET G.GRISO Le cercle d&rsquo;Euler Math en plus VUIBERT<\/p>\n\n\n\n<p>Jean FRESNEL G\u00e9om\u00e9trie  U.F.R de Bordeaux 1991<\/p>\n\n\n\n<hr class=\"wp-block-separator has-alpha-channel-opacity is-style-wide\"\/>\n\n\n\n<p>Paul YIU Introduction to the Geometry of the Triangle&nbsp; Summer 2001 v.13.0411 April 2013&nbsp;&nbsp;<\/p>\n\n\n\n<p>FORUM GEOMETRICORUM&nbsp;<\/p>\n\n\n\n<p class=\"has-link-color wp-elements-716d8f9eb627fcca64be16e08c47caa2\">FAN de GEOMETRIE <a href=\"http:\/\/fandegeometrie.blogspot.com\" target=\"_blank\" rel=\"noreferrer noopener\">fandegeometrie.blogspot.com<\/a>\u00a0<\/p>\n\n\n\n<p class=\"has-link-color wp-elements-14c117bd2dfef575d4ab11fd5bd9f124\">NUMDAM\u00a0 archives num\u00e9riques de nombreux auteurs <a href=\"http:\/\/www.numdam.org\/\" target=\"_blank\" rel=\"noreferrer noopener\">www.numdam.org\/<\/a>\u00a0<\/p>\n\n\n\n<p class=\"has-link-color wp-elements-bb8e3115fa6b4a79c391ce6bfa02a963\">GEOMETRICON <a href=\"http:\/\/users.math.uoc.gr\/~pamfilos\/eGallery\/Gallery.html\" target=\"_blank\" rel=\"noreferrer noopener\">users.math.uoc.gr\/~pamfilos\/eGallery\/Gallery.html<\/a>\u00a0<\/p>\n\n\n\n<p class=\"has-link-color wp-elements-1cec56c61fcea009e0e1239d6f757d9b\">Jacques MAROT Etudions les coniques avec G\u00e9og\u00e9bra <a href=\"http:\/\/mathmj.fr\/geogebra\/coniques\/coniques.pdf\">mathmj.fr\/geogebra\/coniques\/coniques.pdf<\/a>&nbsp;<\/p>\n\n\n\n<p><a href=\"https:\/\/artofproblemsolving.com\/community\">Art of problem solving AoPs<\/a><\/p>\n\n\n\n<p>Les Math\u00e9matiques.net<\/p>\n\n\n\n<p><\/p>\n","protected":false},"excerpt":{"rendered":"<p>G.CAGNAC L.THIBERGE&nbsp; Classes Terminales C et T&nbsp; programmes 8 juin 1966 MASSON G.GIRARD&nbsp; A.LENTIN Cours MAILLARD Math\u00e9matiques \u00e9l\u00e9mentaires G\u00e9om\u00e9trie M\u00e9canique programme 6 mars 1962 HACHETTE C. LEBOSSE C.HEMERY G\u00e9om\u00e9trie et g\u00e9om\u00e9trie analytique Terminale C&nbsp; programme 1966 NATHAN V.LESPINARD &nbsp; R.PERNET G\u00e9om\u00e9trie Terminale C programme 1966 DESVIGNE H.COMMISSAIRE&nbsp; G.CAGNAC Cours de math\u00e9matiques sp\u00e9ciales T.III 1948 MASSON [&hellip;]<\/p>\n","protected":false},"author":1,"featured_media":0,"parent":0,"menu_order":0,"comment_status":"closed","ping_status":"closed","template":"","meta":{"footnotes":""},"class_list":["post-202","page","type-page","status-publish","hentry"],"_links":{"self":[{"href":"https:\/\/picoronsdelageometrie.fr\/index.php?rest_route=\/wp\/v2\/pages\/202","targetHints":{"allow":["GET"]}}],"collection":[{"href":"https:\/\/picoronsdelageometrie.fr\/index.php?rest_route=\/wp\/v2\/pages"}],"about":[{"href":"https:\/\/picoronsdelageometrie.fr\/index.php?rest_route=\/wp\/v2\/types\/page"}],"author":[{"embeddable":true,"href":"https:\/\/picoronsdelageometrie.fr\/index.php?rest_route=\/wp\/v2\/users\/1"}],"replies":[{"embeddable":true,"href":"https:\/\/picoronsdelageometrie.fr\/index.php?rest_route=%2Fwp%2Fv2%2Fcomments&post=202"}],"version-history":[{"count":3,"href":"https:\/\/picoronsdelageometrie.fr\/index.php?rest_route=\/wp\/v2\/pages\/202\/revisions"}],"predecessor-version":[{"id":353,"href":"https:\/\/picoronsdelageometrie.fr\/index.php?rest_route=\/wp\/v2\/pages\/202\/revisions\/353"}],"wp:attachment":[{"href":"https:\/\/picoronsdelageometrie.fr\/index.php?rest_route=%2Fwp%2Fv2%2Fmedia&parent=202"}],"curies":[{"name":"wp","href":"https:\/\/api.w.org\/{rel}","templated":true}]}}